mmon divisor of i and 3?
3
Let m be (-2)/6 - (5291658/54)/(-17). What is the greatest common divisor of 110 and m?
22
Suppose m + 3 - 11 = 4*x, 3*m - 15 = 3*x. Let q be 1/m - (-2324)/112. What is the greatest common divisor of q and 84?
21
Suppose 0 = -13*w + 17*w + 216. Let t be 5/(-6) + (-3609)/w. What is the highest common divisor of t and 242?
22
Let n(p) = 3*p**2 - 48*p + 12. Let j be n(16). Let o(a) = 6*a - 24. Let i be o(j). What is the greatest common factor of i and 120?
24
Suppose -5*v - 610 = -5*j, 3*j = 4*v - 90 + 455. What is the highest common factor of j and 3567?
123
Suppose 0*j = -2*j - 4*p + 228, -3*j = 5*p - 339. Suppose -24*d - 5*c = -23*d + 19, 3*d - 5*c - 43 = 0. Calculate the highest common factor of d and j.
6
Let a(j) = 243*j - 2007. Let x be a(10). Calculate the greatest common divisor of 99 and x.
9
Let y(a) = 99*a - 2251. Let n be y(23). Let c = 5 - 3. Suppose 5*f + 4*t - 1028 = 0, c*f + t + 4*t - 401 = 0. What is the greatest common factor of f and n?
26
Suppose 0 = b - 5*x - 15, x = b - x - 9. Suppose 0 = -z - b*t - 20, -t = -4*z + 3*z - 20. Let l = 4 - z. Calculate the highest common factor of l and 16.
8
Let p(j) = 89*j + 2593. Let f be p(-9). What is the highest common divisor of f and 21?
7
Let t = 24 + 306. Let n be 106 - (9 - (-1 - -5)). Let g = n - 71. What is the greatest common factor of t and g?
30
Suppose -3*x = -2*b - 1386, -2*x - 4*b - b + 905 = 0. Let c(n) = 2888*n + 101120. Let i be c(-35). What is the greatest common factor of i and x?
20
Let k(u) = 17*u + 4. Let p be k(3). Suppose -33*t = -10*t + 383 - 889. Calculate the greatest common divisor of t and p.
11
Suppose -2*j - 4*c - 48 = -3*j, -3*c = -j + 49. Let r = -57 + j. Let q = 28 + r. Calculate the greatest common divisor of q and 207.
23
Suppose -106 = 45*m - 2716. What is the greatest common factor of m and 29?
29
Let l(s) = -3*s - 48. Let y be 272/(-15) + 2/15. Let v be l(y). Calculate the greatest common divisor of v and 4.
2
Suppose -10*t + 112 = r, -292 = 38*r - 42*r - t. Calculate the greatest common divisor of 42048 and r.
72
Suppose -3*j = 3*g - 207, 4*j - 137 - 91 = 4*g. What is the highest common factor of j and 1624?
7
Let d(r) = -2*r**3 - 16*r**2 + 26*r + 36. Let l be d(-9). Suppose -5*g + 167 + 88 = 0. Let m = l + g. What is the highest common factor of m and 5?
5
Suppose -8*a - 106*a - 10726 = -27826. What is the highest common divisor of 300 and a?
150
Let n be (-128)/(-12)*(-75)/(-2). Suppose 32160 = 340*k - 139*k. What is the highest common divisor of n and k?
80
Suppose -3*o = 18, 2*t + 5*o = -0*t + 514. What is the highest common divisor of t and 208?
16
Suppose -10*c + 364 = -6*c. Let s(i) = 3*i**2 - 26*i - 94. Let u be s(12). Calculate the highest common factor of c and u.
13
Let r(n) = n - 2. Let y be r(6). Let b be (y/10)/((-16)/480). Let w be (-2)/(8/b)*42. What is the greatest common factor of w and 18?
18
Let k(a) = 2*a**2 - 5*a - 3. Let j be k(5). Let w = -323 + 310. Let v be (w/(-65) - (-112)/(-10))*-9. What is the greatest common factor of v and j?
11
Let m be (-10)/35 + 1460/210 + 3/9. What is the highest common factor of 3122 and m?
7
Let n = 575 + -190. Let r = -10 + 241. Calculate the greatest common divisor of n and r.
77
Let c = 4953 - 4941. Let n be -132 - (0 + (-3 - -5)). Let t = -74 - n. What is the greatest common factor of t and c?
12
Suppose o + 1701 = 2*f, 25*f - 30*f = 4*o - 4298. Calculate the greatest common factor of f and 56.
14
Suppose -2275*w + 5*t = -2273*w - 3021, w = -3*t + 1516. What is the greatest common factor of 623 and w?
89
Suppose 1312 = 4*n - 4*p, -4*p = -161*n + 163*n - 638. What is the greatest common factor of n and 65?
65
Let c(v) = 3*v**2 - 418*v + 4661. Let r be c(11). Calculate the greatest common divisor of r and 150.
6
Let p(q) = -2*q**3 - 2*q**2 + 1. Let d be p(-1). Let b be d/(274/(-46) + 6). Calculate the greatest common divisor of 161 and b.
23
Let y be ((-45)/18 + 6)*(-40)/(-7). Suppose -585 = -y*r + 15*r. What is the highest common divisor of 9 and r?
9
Suppose 30*b + 1359 = 2134 + 2465. Calculate the greatest common factor of b and 192.
12
Let u = -9834 - -10065. Calculate the highest common factor of u and 14.
7
Let q be 3/(4 + -7)*9. Let h = 5 - q. Suppose -5*f = h - 4, 2*f + 511 = 3*j. Calculate the greatest common divisor of j and 13.
13
Let t(d) = d**3 - 18*d**2 + 56*d - 280. Let p be t(16). Calculate the greatest common factor of p and 7592.
104
Let o = 306 - 278. Suppose -7*b + o = -112. What is the greatest common factor of b and 45?
5
Suppose -72*a + 518 + 10472 = -10322. What is the greatest common factor of 703 and a?
37
Let q be (0 - -82)*19/38. Suppose -2*l - 208 = -4*v, -5*l + q = v - 0*l. Calculate the greatest common divisor of 34 and v.
17
Let d(g) = -g**2 - 7*g + 14. Let s be d(-8). Suppose s*u + 0*u = 24. Suppose -70 = -u*j + 70. Calculate the highest common factor of j and 14.
7
Suppose 0 + 42 = 3*y. Let a = 26306 + -26304. Calculate the greatest common factor of y and a.
2
Suppose 4*w - 6*w = 280. Let r = 140 + w. Suppose r = 3*z - 2 - 31. What is the highest common factor of 88 and z?
11
Let u be (80/60 + (-676)/12)*76/(-10). Calculate the greatest common factor of 4 and u.
2
Let u(l) = 14*l**2 + 2*l - 2. Suppose 9 - 8 = -j. Let s be j/(-5 - (-22)/4). Let d be u(s). What is the greatest common factor of d and 10?
10
Suppose 43*q - 27*q - 9504 = 0. Suppose -8*j - q = -4034. Calculate the greatest common divisor of 10 and j.
10
Let b = 375 - 123. Let f(q) = -217*q**2 - 5*q + 3. Let t be f(1). Let u = 255 + t. What is the greatest common divisor of u and b?
36
Let d be (382/2)/((-380)/(-760)). Calculate the greatest common factor of d and 5539.
191
Suppose 0 = -94*k + 3111 + 3399 - 494. Calculate the highest common factor of k and 2096.
16
Suppose 3*m + 3 = 0, 5*k - 6 = 4*m + 18. Suppose 4*z + 4*n - 75 = 37, k*n - 4 = 0. Let c = 102 + -48. Calculate the highest common divisor of c and z.
27
Let i = 271 + -89. Let c = 193 - i. Suppose -2*d - 4*f - 10 = 0, -3*d + f = d - 7. What is the greatest common divisor of c and d?
1
Let g = 177 - 125. Let y(m) = 137*m - 2. Let w be y(1). Suppose -4*p + w - 31 = 0. What is the greatest common factor of p and g?
26
Let t = -4 + 24. Suppose -232 = -5*r + 4*d, 4*d - 257 = -5*r - 49. What is the greatest common divisor of r and t?
4
Suppose 24 = i - 3*h - 0*h, -5*i = 3*h - 102. Let t(v) = 69*v - 344. Let y be t(6). Suppose 0 = -7*q + 805 - y. Calculate the greatest common factor of q and i.
21
Let d = -27255 + 70111. What is the greatest common divisor of d and 22?
22
Let b be (84/7)/((-14)/(-420)). What is the greatest common divisor of b and 15?
15
Let f(a) = -a**3 + 10*a**2 - 25*a + 10. Let x be f(6). Calculate the greatest common factor of 4 and x.
4
Suppose o = 3*l - 20, 2*l + 2*l - 36 = -o. Suppose -11*w + 30 = -l*w. Suppose b - 3*v = w, 5*b + v - 63 = -13. What is the highest common factor of b and 110?
10
Let v be 3/(7 - 33490/4780). Let i = -291 - v. Let d = 10 - -1. Calculate the greatest common factor of i and d.
11
Let q be (-30)/(-20)*2/3. Let v = 22 + q. Suppose -p + 0*r = -3*r - 109, -p = -5*r - 105. Calculate the greatest common factor of p and v.
23
Let t(s) = -13*s**2 + 105*s + 42. Let u be t(7). What is the greatest common divisor of 1036 and u?
28
Let p be (1*212)/((-134)/(-11) + (-588)/49). Calculate the highest common divisor of 2 and p.
2
Let t be (3*(-1 + 0))/(15/(-10)). Suppose 3*i = -5*h + 91, -2*h - 48 - 2 = -t*i. What is the highest common divisor of 9 and i?
9
Suppose 2 = 4*a - 18. Suppose -3*h - 5*v + 85 = 0, -4*h = -a*v + 2*v - 94. Let b = h + 20. Calculate the greatest common factor of 9 and b.
9
Let j = 11001 + -10506. Calculate the greatest common factor of 2673 and j.
99
Let y be (-8082)/30*(-150)/18. What is the greatest common factor of 10 and y?
5
Let t(u) = u**3 + 12*u**2 + 69*u + 197. Let n be t(-5). Calculate the greatest common factor of n and 10584.
27
Suppose -27 = -2*o + o. Suppose -3*j + 5*q + 52 = 0, 6526*q - 6524*q - 8 = -2*j. What is the greatest common divisor of j and o?
9
Suppose 4*l + 4*g + 1552 = 0, -g + 2562 = -5*l + 598. Let q = -216 - l. What is the highest common factor of 22 and q?
22
Let l be 39220/(-318)*(-6)/10. What is the greatest common factor of